= 0, -4*v + 392 = -0*b - 4*b. Calculate the remainder when v is divided by (-13)/156*(2 + -635) + 6/(-8).
51
Suppose 2*i = -4*n + 14 + 2, 0 = -4*i - 3*n + 17. Suppose -i*q = h - 0*q - 24, -3*h + q + 37 = 0. What is the remainder when h is divided by -1 + (-39)/13 + 9?
4
Suppose 0 = 18*u - 5875 + 1357. Calculate the remainder when u is divided by 64.
59
Let o be 43/6*(25 + -19). Let v(t) = 2*t**2 + 4*t + 3. Let z be v(-4). Let s = z + o. What is the remainder when s is divided by 17?
11
Let i(q) = 7*q**2 + 16*q - 23. What is the remainder when i(-8) is divided by 297?
0
Let q(y) be the second derivative of -3*y**5/20 + y**4/6 - 5*y**3/3 - 5*y**2/2 + 103*y. Calculate the remainder when q(-4) is divided by 26.
25
Suppose 5*g + o - 400 = 0, -2*g = 4*o - 7*o - 160. Let j = 122 - g. Calculate the remainder when 208 is divided by j.
40
Suppose -5*b - 2*d + 61309 = -9793, -28412 = -2*b + 4*d. Calculate the remainder when b is divided by 158.
156
Let r be (-36726)/(-54) - 2/18. Suppose 2*d - r = -2*v, 0 = 2*v - 3*v + 4*d + 315. What is the remainder when v is divided by 42?
41
Let o = -3684 - -3689. What is the remainder when 59 is divided by o?
4
What is the remainder when ((-18)/(-171) - 208/532) + (-7410)/(-14) is divided by 5?
4
Suppose 29*g - 5*k = 32*g - 469, g + 5*k = 163. Calculate the remainder when g is divided by 31.
29
Suppose -10*d + 487 = 47. Calculate the remainder when 522 is divided by d.
38
Let q(j) = 7*j + 43*j + 5*j + 2*j - 316. Calculate the remainder when 153 is divided by q(6).
23
What is the remainder when (-10 - 30/18*-3) + (-3 - -2335) is divided by 146?
137
Suppose 5*f = -2*i + 96, 5*f - 89 = -4*i + 3. Let z(d) be the first derivative of d**3/3 + d**2 - d + 25. Calculate the remainder when f is divided by z(2).
6
Let h(m) = m + 10. Suppose -25*y + 17044 - 4769 = 0. Let j = -477 + y. What is the remainder when j is divided by h(-7)?
2
Suppose -6*n - 46745 = -11*n - 4*k, 4*k = -2*n + 18710. Calculate the remainder when n is divided by 164.
161
Let y(f) = -f**2 + 0*f**2 + 4 + 2*f**2 - 7*f. Let i = -3922 + 3947. What is the remainder when i is divided by y(7)?
1
Suppose 14285 = 92*z - 29*z - 17341. What is the remainder when z is divided by (-1)/(-3) + 188/3?
61
Let n(l) = -l**3 + 11*l**2 - 11*l + 229. What is the remainder when 1403 is divided by n(11)?
107
Let j = 1072 + -710. What is the remainder when j is divided by 61?
57
Let o = 26 + -9. Suppose -34 = 7*r + 92. Let l = 28 + r. Calculate the remainder when o is divided by l.
7
Suppose -42*j = -29190 - 23562. Calculate the remainder when j is divided by 251.
1
What is the remainder when (-1)/(((-672)/(-63) + -10)/(84/(-2))) is divided by 18/12 - 23/(-2)?
11
Let p(k) = k**2 - 13*k - 23. Let g be p(15). Suppose -g*y = -12*y + 1780. What is the remainder when y is divided by 90?
86
Let g(r) = 30*r - 228. What is the remainder when 4210 is divided by g(13)?
160
Let x = -6183 - -8399. Calculate the remainder when x is divided by 373.
351
Let p(l) = 2*l - 19. Let h be p(17). Let t = -1 + 38. What is the remainder when t is divided by h + -3 - (-3 + 7)?
5
Let y(l) = 78*l + 2429. What is the remainder when y(15) is divided by 45?
44
What is the remainder when 8015 is divided by (-4)/6 - (-7)/((-504)/(-1416))?
16
Let n(c) = c**3 - 11*c**2 + 182*c - 3111. Calculate the remainder when 3130 is divided by n(15).
16
Suppose -18 - 2 = 4*r. Let q(k) be the first derivative of -k**2/2 + k + 4. Calculate the remainder when 22 is divided by q(r).
4
Let v(f) = -61*f**3 + 2*f**2 - 2*f - 7. Let n be v(-3). Suppose -11*q = 15*q - n. What is the remainder when q is divided by 22?
20
Let j = 379 + -379. Suppose j*i = -4*i - 3*u + 171, -i - 5*u + 64 = 0. Calculate the remainder when i is divided by 12.
3
Let l(p) = 180*p**2 - p. Calculate the remainder when l(-1) is divided by (-138)/(-345) - 126/(-10).
12
Let b(p) = -p**2 + 13*p + 4. Let d be (-1)/((-6)/21 + (-3)/(-35)). Suppose d*l = -5, -5*c - l = -3*l - 52. What is the remainder when b(12) is divided by c?
6
Let x(t) = 32*t**3 + t**2 + 15*t - 45. Calculate the remainder when 501 is divided by x(2).
11
Suppose -2*r - 7*r = 504. Let s = r - -72. What is the remainder when 127 is divided by s?
15
Suppose -3*f + 5*i = 3*i - 4, 3 = f + i. Suppose 0 = -4*q + f*o - 4*o, -o - 8 = -2*q. Let h = -4 + 6. What is the remainder when h is divided by q?
0
Let c be 763*((-175)/(-49) - 3). Let k = c + -409. Suppose 4*n + n = 2*w + 247, 2*w + 196 = 4*n. What is the remainder when n is divided by k?
24
Let h = 1539 - 1507. Suppose 2*z - 6 = 0, -5*r = 4*z - 6*z - 69. Suppose -r*k = -11*k - 492. What is the remainder when k is divided by h?
27
Let g be 22 + -16 - (5 - 0 - 2). Suppose -5*o + 22 - 2 = 0. Suppose -g*h + 262 = o*k, 20 = 6*k - k. Calculate the remainder when h is divided by 22.
16
Suppose -63*n - 3125 = -10370. What is the remainder when n is divided by 1?
0
Suppose 10 - 6 = k, -31 = -3*o + 5*k. Let a(h) = h**3 + 3*h**2 - 4*h + 3. What is the remainder when a(4) is divided by o?
14
Suppose -4*i + 13885 = 5*o, 10440 = 3*i - 5*o - 0*o. Suppose 25*f - 700 = i. Calculate the remainder when f is divided by -1 + 1 + 1*34.
31
Calculate the remainder when 3418 is divided by 30 - 39 - 60/3*-1.
8
Let v = -68 + 105. Let t = 83 - v. Suppose 4*o - 104 = 5*h, -3*o + o + h + t = 0. Calculate the remainder when o is divided by 11.
10
Let b(w) = 134*w**2 - 307*w + 306. What is the remainder when 380 is divided by b(1)?
114
Let y be (72/5)/(4411/550 - 8). Let k = -590 + y. What is the remainder when k is divided by 22?
20
Let b(o) = o**2 - 20*o - 2593. Calculate the remainder when 680 is divided by b(62).
9
Suppose 728*i - 780*i = -572. What is the remainder when 1074 is divided by i?
7
Suppose 11*j = 33 + 77. Let i(r) be the second derivative of r**4/6 + r**3/3 - 5*r**2/2 - 12*r. What is the remainder when i(-4) is divided by j?
9
Let y = -1775 - -1793. What is the remainder when (-3543)/(-6) + (-4)/(-8) is divided by y?
15
Suppose 108*v - 4622 = 3694. What is the remainder when 213 is divided by v?
59
Let c be -135*(1/9 + (-72)/162). Suppose 2*n + 4 = -4*h + 52, 3*h = -2*n + c. Let i(o) = -o + 53. What is the remainder when i(0) is divided by n?
17
Suppose -372*b = -370*b - 16. Suppose -h - 2*p = 2*h - 522, -p - 522 = -3*h. Let y = h - 114. What is the remainder when y is divided by b?
4
Suppose -n - 141 = -3*w + 168, 5*w - 498 = -4*n. Calculate the remainder when w is divided by (-1)/5 - 131*4/(-20).
24
Suppose 12 - 100 = -4*i. Let k = 26 - i. Suppose -k*z - v + 27 = 0, z - 5*v = 3*z + 9. What is the remainder when 20 is divided by z?
4
Let d(a) = -a**3 + 13*a**2 + 12*a - 17. Let i(x) = 2*x**3 - 27*x**2 - 26*x + 35. Let o(c) = -5*d(c) - 2*i(c). What is the remainder when o(12) is divided by 11?
8
Suppose s - 62 = -139*y + 135*y, -4*y - 86 = -s. Calculate the remainder when 21829 is divided by s.
73
Let g(w) = 3*w + 14. Let d be g(10). Let h be (d/12 - 2)*3. Suppose -h*o = -143 + 23. What is the remainder when 45 is divided by o?
21
Let o(k) = k**2 - 4*k - 8. Suppose -60 = -32*q + 52*q. Calculate the remainder when 16 is divided by o(q).
3
What is the remainder when ((-175)/(-140) + 1179/4)*2/4 is divided by 65?
18
Suppose 3*u = 72*m - 74*m + 709, -5*u = 3*m - 1062. What is the remainder when 3600 is divided by m?
10
Suppose -4*l - t = t - 1798, 0 = l - t - 442. Suppose 4*j = p + l, 0*j - 5*j + 558 = -p. Let h = -94 + j. What is the remainder when 64 is divided by h?
13
Let a = -282 - -9. Let f = 295 + a. What is the remainder when 151 is divided by f?
19
Let u = 17238 + -17028. What is the remainder when u is divided by 65?
15
Let m = -89 + 155. Calculate the remainder when 47 is divided by (-49)/(-3) - 22/m.
15
Let t(x) = -x**3 + 13*x**2 + 40*x - 47. Calculate the remainder when t(14) is divided by 151.
15
Let o be (-14)/(3 - 5)*(-20)/(-14). Suppose -w - 5*y = -y + 26, -o = 5*y. Let j = 42 + w. Calculate the remainder when 190 is divided by j.
22
Suppose -10*m + 35*m - 208 = 12*m. What is the remainder when 1293 is divided by m?
13
Calculate the remainder when 2377 is divided by 1485/(-891)*(-204)/10.
31
Suppose 0 = 16*l - 11*l - 100. Suppose 15*b - 25 - l = 0. Suppose g + 2*o = 9, 5*g - 54 = b*g + 5*o. What is the remainder when 83 is divided by g?
15
Suppose 5*z